{"id":3,"date":"2023-07-09T16:30:21","date_gmt":"2023-07-09T14:30:21","guid":{"rendered":"https:\/\/groupagrotrade.hu\/?page_id=3"},"modified":"2023-07-10T13:19:34","modified_gmt":"2023-07-10T11:19:34","slug":"adatkezelesi-tajekoztato","status":"publish","type":"page","link":"https:\/\/groupagrotrade.hu\/index.php\/adatkezelesi-tajekoztato\/","title":{"rendered":"Adatkezel\u00e9si t\u00e1j\u00e9koztat\u00f3"},"content":{"rendered":"\n<p>Jelen Adatv\u00e9delmi T\u00e1j\u00e9koztat\u00f3 \u00f6sszefoglalja a weboldal kezel\u0151je \u00e1ltal folytatott adatkezel\u00e9si elveket \u00e9s annak<br>gyakorlat\u00e1t. A l\u00e1togat\u00f3\/felhaszn\u00e1l\u00f3 az adatok elk\u00fcld\u00e9s\u00e9vel kijelenti, hogy azok a val\u00f3s\u00e1gnak megfelelnek.<\/p>\n\n\n\n<ol class=\"wp-block-list\">\n<li>1. Adatkezel\u0151<br>Az adatok kezel\u0151je: GROUPAGRO-TRADE Kft.<br>Sz\u00e9khely\/post\u00e1z\u00e1si c\u00edm: 8600 Si\u00f3fok, Budai Nagy Antal utca 3. 3. em. 4.<br>ad\u00f3sz\u00e1m: 24835631-2-14<br>C\u00e9gjegyz\u00e9ksz\u00e1m: 14-09-314964<br>El\u00e9rhet\u0151s\u00e9g: info@groupagrotrade.hu<\/li>\n\n\n\n<li>2. A kezelt adatok \u00e9s \u00e9rintettek k\u00f6re<br>A weboldal l\u00e1togat\u00e1sa sor\u00e1n anonim m\u00f3don a l\u00e1togat\u00f3 session ID-t kap, amellyel a Google Analytics a szem\u00e9lyes<br>adatokt\u00f3l f\u00fcggetlen\u00fcl, statisztikai c\u00e9llal r\u00f6gz\u00edti a l\u00e1togat\u00e1s kezd\u0151- illetve befejez\u0151 id\u0151pontj\u00e1t, illetve a l\u00e1togatott<br>oldalakat. Err\u0151l a gyakorlatr\u00f3l minden \u00faj l\u00e1togat\u00f3 az els\u0151 oldallet\u00f6lt\u00e9s alkalm\u00e1val t\u00e1j\u00e9koztat\u00e1sban r\u00e9szes\u00fcl.<br>A weboldalon a l\u00e1togat\u00f3 adatbek\u00e9r\u0151 modul form\u00e1j\u00e1ban \u00f6nk\u00e9ntesen hozz\u00e1j\u00e1rulhat a k\u00f6vetkez\u0151 szem\u00e9lyes<br>adatainak kezel\u00e9s\u00e9hez:<\/li>\n\n\n\n<li>vezet\u00e9kn\u00e9v<\/li>\n\n\n\n<li>keresztn\u00e9v<\/li>\n\n\n\n<li>V\u00e1ros<\/li>\n\n\n\n<li>Telefonsz\u00e1m<\/li>\n\n\n\n<li>e-mail c\u00edm.<\/li>\n\n\n\n<li>Sz\u00f6vegmez\u0151 doboz, melyben a l\u00e1togat\u00f3 le\u00edrja az \u00f6 \u00e1ltala k\u00e9rt szolg\u00e1ltat\u00e1s param\u00e9tereit.<br>Az adatbek\u00e9r\u0151 modul egy emailben elk\u00fcldi az oldal kezel\u0151j\u00e9nek az email fi\u00f3kj\u00e1ba a fent eml\u00edtett adatokat, a<br>weboldalon a felhaszn\u00e1l\u00f3 adatait 7munkanapig meg\u0151rzi, ut\u00e1na automatikusan let\u00f6rli a weboldal adatb\u00e1zis\u00e1b\u00f3l.<br>A k\u00f6vetkez\u0151 pontban meghat\u00e1rozott c\u00e9lokra megadott adatok kezel\u00e9se a felhaszn\u00e1l\u00f3 \u00f6nk\u00e9ntes hozz\u00e1j\u00e1rul\u00e1s\u00e1val<br>t\u00f6rt\u00e9nik. A felhaszn\u00e1l\u00f3 \u00e1ltal megadott adatok pontatlans\u00e1g\u00e1\u00e9rt, vagy val\u00f3tlans\u00e1g\u00e1\u00e9rt az adatkezel\u0151 felel\u0151ss\u00e9get<br>nem v\u00e1llal.<\/li>\n\n\n\n<li>3. Az adatv\u00e9delmi t\u00e1j\u00e9koztat\u00f3 \u00e1ltal meghat\u00e1rozott adatkezel\u00e9si id\u0151tartam<br>A Google Analytics \u00e1ltal l\u00e9trehozott cookiek, ID-k az oldal elhagy\u00e1sakor automatikusan t\u00f6rl\u0151dnek. A felhaszn\u00e1l\u00f3<br>\u00e1ltal megadott adatokat a felhaszn\u00e1l\u00f3 \u00edr\u00e1sos kezdem\u00e9nyez\u00e9s\u00e9re az adatkezel\u0151 7 munkanapon bel\u00fcl t\u00f6rli. Ezt az<br>ig\u00e9nyt az info@groupagrotrade.hu e-mail c\u00edmen lehet bejelenteni.<\/li>\n\n\n\n<li>A kezelt szem\u00e9lyes adatok k\u00f6re \u00e9s az adatkezel\u00e9s jellemz\u0151i<br>A weboldal tev\u00e9kenys\u00e9g\u00e9nek adatkezel\u00e9sei \u00f6nk\u00e9ntes hozz\u00e1j\u00e1rul\u00e1son alapulnak. Bizonyos esetekben azonban a<br>megadott adatok egy k\u00f6r\u00e9nek kezel\u00e9s\u00e9t, t\u00e1rol\u00e1s\u00e1t, tov\u00e1bb\u00edt\u00e1s\u00e1t jogszab\u00e1lyok teszik k\u00f6telez\u0151v\u00e9, melyr\u0151l k\u00fcl\u00f6n<br>\u00e9rtes\u00edtj\u00fck a l\u00e1togat\u00f3kat, a felhaszn\u00e1l\u00f3kat.<br>4\/1. A weboldal l\u00e1togat\u00f3inak adatai<br>Az adatkezel\u00e9s c\u00e9lja: a honlap l\u00e1togat\u00e1sa sor\u00e1n a honlap t\u00e1rhelyszolg\u00e1ltat\u00f3ja a szolg\u00e1ltat\u00e1s m\u0171k\u00f6d\u00e9s\u00e9nek<br>ellen\u0151rz\u00e9se \u00e9s a vissza\u00e9l\u00e9sek megakad\u00e1lyoz\u00e1sa \u00e9rdek\u00e9ben r\u00f6gz\u00edti a l\u00e1togat\u00f3i adatokat.<br>Az adatkezel\u00e9s jogalapja: az \u00e9rintett hozz\u00e1j\u00e1rul\u00e1sa, illetve az inform\u00e1ci\u00f3s t\u00e1rsadalommal \u00f6sszef\u00fcgg\u0151<br>szolg\u00e1ltat\u00e1sok egyes k\u00e9rd\u00e9seir\u0151l sz\u00f3l\u00f3 2001. \u00e9vi CVIII. t\u00f6rv\u00e9ny 13\/A. \u00a7 (3) bekezd\u00e9se.<br>A kezelt adatok k\u00f6re: d\u00e1tum, id\u0151pont, a felhaszn\u00e1l\u00f3 sz\u00e1m\u00edt\u00f3g\u00e9p\u00e9nek IP c\u00edme, a megl\u00e1togatott oldal c\u00edme, az<br>el\u0151z\u0151leg megl\u00e1togatott oldal c\u00edme, a felhaszn\u00e1l\u00f3 oper\u00e1ci\u00f3s rendszer\u00e9vel \u00e9s b\u00f6ng\u00e9sz\u0151j\u00e9vel kapcsolatos adatok.<br>Az adatkezel\u00e9ssel \u00e9rintettek k\u00f6re: Az oldal azon l\u00e1togat\u00f3i akik a hozz\u00e1j\u00e1rul\u00e1sukkal enged\u00e9lyezik a cookie<br>haszn\u00e1lat\u00e1t.<br>Az adatok kezel\u00e9s\u00e9re jogosult adatkezel\u0151 szem\u00e9lye: GROUPAGRO-TRADE Kft.<br>Az adatkezel\u00e9s id\u0151tartama: a honlap megtekint\u00e9s\u00e9t\u0151l sz\u00e1m\u00edtott 365 nap.<br>A Google Analytics webanalitikai szoftvere \u00e9s k\u00fcls\u0151 szervere seg\u00edti a honlap l\u00e1togatotts\u00e1gi \u00e9s egy\u00e9b webanalitikai<br>adatainak f\u00fcggetlen m\u00e9r\u00e9s\u00e9t \u00e9s audit\u00e1l\u00e1s\u00e1t. A m\u00e9r\u00e9si adatok kezel\u00e9s\u00e9r\u0151l az adatkezel\u0151 a www.google-<br>analytics.com c\u00edmen tud r\u00e9szletes felvil\u00e1gos\u00edt\u00e1st ny\u00fajtani.<br>A k\u00fcls\u0151 szolg\u00e1ltat\u00f3k a testre szabott kiszolg\u00e1l\u00e1s \u00e9rdek\u00e9ben a felhaszn\u00e1l\u00f3 sz\u00e1m\u00edt\u00f3g\u00e9p\u00e9n kis adatcsomagot, \u00fan.<br>s\u00fctit (cookie) helyeznek el \u00e9s olvasnak vissza. Ha a b\u00f6ng\u00e9sz\u0151 visszak\u00fcld egy kor\u00e1bban elmentett s\u00fctit, az azt<br>kezel\u0151 szolg\u00e1ltat\u00f3knak lehet\u0151s\u00e9g\u00fck van \u00f6sszekapcsolni a felhaszn\u00e1l\u00f3 aktu\u00e1lis l\u00e1togat\u00e1s\u00e1t a kor\u00e1bbiakkal, de<br>kiz\u00e1r\u00f3lag a saj\u00e1t tartalmuk tekintet\u00e9ben.<br>4\/2. A weboldalon t\u00f6rt\u00e9n\u0151 kapcsolatfelvev\u0151 modul, kapcsolatfelv\u00e9tel, inform\u00e1ci\u00f3 k\u00e9r\u00e9s, k\u00f6zl\u00e9s<br>Az adatkezel\u00e9s c\u00e9lja: kapcsolatfelv\u00e9tel, kapcsolat tart\u00e1s, inform\u00e1ci\u00f3 k\u00f6zl\u00e9s, inform\u00e1ci\u00f3 k\u00e9r\u00e9s.<br>Az adatkezel\u00e9s jogalapja: az \u00e9rintett hozz\u00e1j\u00e1rul\u00e1sa.<br>A kezelt adatok k\u00f6re: n\u00e9v, e-mail c\u00edm, telefonsz\u00e1m, az \u00fczenet t\u00e1rgya, sz\u00f6vege, d\u00e1tum \u00e9s id\u0151pont, tov\u00e1bb\u00e1 az<br>\u00e9rintett \u00e1ltal megadott egy\u00e9b szem\u00e9lyes adatok.<br>Az adatkezel\u00e9ssel \u00e9rintettek k\u00f6re: Az oldal azon l\u00e1togat\u00f3i aki kit\u00f6lti az \u0171rlapot, \u00e9s kifejezett hozz\u00e1j\u00e1rul\u00e1s\u00e1t adja az<br>adatainak a kezel\u00e9s\u00e9nek.<br>Az adatok kezel\u00e9s\u00e9re jogosult adatkezel\u0151 szem\u00e9lye: GROUPAGRO-TRADE Kft.<br>Az adatok t\u00f6rl\u00e9s\u00e9nek hat\u00e1rideje: az adatk\u00f6zl\u00e9st\u0151l sz\u00e1m\u00edtott 7munkanap a weboldalr\u00f3l.<br>A szem\u00e9lyes adatok t\u00f6rl\u00e9s\u00e9t vagy m\u00f3dos\u00edt\u00e1s\u00e1t az al\u00e1bbi m\u00f3dokon lehet kezdem\u00e9nyezni:<\/li>\n<\/ol>\n\n\n\n<ul class=\"wp-block-list\">\n<li>postai \u00faton: GROUPAGRO-TRADE Kft. 8600 Si\u00f3fok, Budai Nagy Antal utca 3. 3. em. 4.<\/li>\n\n\n\n<li>e-mail \u00fatj\u00e1n az info@groupagrotrade.hu c\u00edmen.<\/li>\n<\/ul>\n\n\n\n<ol class=\"wp-block-list\">\n<li>5. Az adatkezel\u00e9si szab\u00e1lyzat jogalapja \u00e9s a felhaszn\u00e1l\u00f3 jogai<br>Az adatkezel\u00e9s a felhaszn\u00e1l\u00f3 j\u00f3v\u00e1hagy\u00e1s\u00e1nak jogalapj\u00e1val t\u00f6rt\u00e9nik. A felhaszn\u00e1l\u00f3 az adatkezel\u0151 \u00e1ltal kezelt<br>adatokr\u00f3l, \u00e9s annak m\u00f3dj\u00e1r\u00f3l a info@groupagrotrade.hu e-mail c\u00edmen GROUPAGRO-TRADE Kft. -t\u00f3l ezen<br>Adatv\u00e9delmi T\u00e1j\u00e9koztat\u00f3 tartalm\u00e1n t\u00fal tov\u00e1bbi t\u00e1j\u00e9koztat\u00e1st k\u00e9rhet. A felhaszn\u00e1l\u00f3 \u00e1ltal megadott adatokat a<br>felhaszn\u00e1l\u00f3 \u00edr\u00e1sos kezdem\u00e9nyez\u00e9s\u00e9re az adatkezel\u0151 10 munkanapon bel\u00fcl t\u00f6rli vagy a k\u00e9rt m\u00f3don m\u00f3dos\u00edtja. Ezt<br>az ig\u00e9nyt a info@groupagrotrade.hu e-mail c\u00edmen lehet bejelenteni.<\/li>\n\n\n\n<li>6. A weboldalt adatfeldolgoz\u00f3, t\u00e1rhely szolg\u00e1ltat\u00f3 partner \u00e9s technol\u00f3gia<br>A weboldal adatfeldolgoz\u00f3, t\u00e1rhely szolg\u00e1ltat\u00f3<br>Kexdesign \u2013 Kov\u00e1cs \u00c1kos e.v.<br>C\u00edm: 8600 Si\u00f3fok, Erdei Ferenc utca 9.<br>Nyilv\u00e1ntart\u00e1si sz\u00e1m: 35539154<br>A weboldal a<br>Next-IT Hungary Kft.<br>C\u00edm: 1161 Budapest R\u00f3zsa u. 34\/a. szerverein m\u0171k\u00f6dik, amelyr\u0151l az adatok biztons\u00e1ga \u00e9rdek\u00e9ben biztons\u00e1gi<br>ment\u00e9sek k\u00e9sz\u00fclnek.<br>Az adatok fizikai t\u00e1rol\u00e1s\u00e1nak helysz\u00edne: Magyarorsz\u00e1g \u00e9s N\u00e9metorsz\u00e1g<br>7.7. Gyermekekre vonatkoz\u00f3 speci\u00e1lis rendelkez\u00e9sek<br>A 16. \u00e9let\u00e9v\u00e9t be nem t\u00f6lt\u00f6tt szem\u00e9lyek adatainak kezel\u00e9se csak a sz\u00fcl\u0151i fel\u00fcgyeletet gyakorl\u00f3 szem\u00e9ly<br>hozz\u00e1j\u00e1rul\u00e1s\u00e1val vagy enged\u00e9ly\u00e9vel \u00e9s csak annak m\u00e9rt\u00e9k\u00e9ben t\u00f6rt\u00e9nhet.<br>8.8. A felhaszn\u00e1l\u00f3 adatkezel\u00e9ssel kapcsolatos jogai<\/li>\n\n\n\n<li>A hozz\u00e1f\u00e9r\u00e9s joga<br>Az \u00e9rintett jogosult arra, hogy az adatkezel\u0151t\u0151l visszajelz\u00e9st kapjon arra vonatkoz\u00f3an, hogy szem\u00e9lyes adatainak<br>kezel\u00e9se folyamatban van-e, \u00e9s ha ilyen adatkezel\u00e9s folyamatban van, jogosult arra, hogy a szem\u00e9lyes adatokhoz<br>\u00e9s a rendeletben felsorolt inform\u00e1ci\u00f3khoz hozz\u00e1f\u00e9r\u00e9st kapjon.<\/li>\n\n\n\n<li>A helyesb\u00edt\u00e9shez val\u00f3 jog<br>Az \u00e9rintett jogosult arra, hogy k\u00e9r\u00e9s\u00e9re az adatkezel\u0151 indokolatlan k\u00e9sedelem n\u00e9lk\u00fcl helyesb\u00edtse a r\u00e1 vonatkoz\u00f3<br>pontatlan szem\u00e9lyes adatokat. Figyelembe v\u00e9ve az adatkezel\u00e9s c\u00e9lj\u00e1t, az \u00e9rintett jogosult arra, hogy k\u00e9rje a hi\u00e1nyos<br>szem\u00e9lyes adatok \u2013 egyebek mellett kieg\u00e9sz\u00edt\u0151 nyilatkozat \u00fatj\u00e1n t\u00f6rt\u00e9n\u0151 \u2013 kieg\u00e9sz\u00edt\u00e9s\u00e9t.<\/li>\n\n\n\n<li>A t\u00f6rl\u00e9shez val\u00f3 jog<br>Az \u00e9rintett jogosult arra, hogy k\u00e9r\u00e9s\u00e9re az adatkezel\u0151 indokolatlan k\u00e9sedelem n\u00e9lk\u00fcl t\u00f6r\u00f6lje a r\u00e1 vonatkoz\u00f3<br>szem\u00e9lyes adatokat, az adatkezel\u0151 pedig k\u00f6teles arra, hogy az \u00e9rintettre vonatkoz\u00f3 szem\u00e9lyes adatokat indokolatlan<br>k\u00e9sedelem n\u00e9lk\u00fcl t\u00f6r\u00f6lje meghat\u00e1rozott felt\u00e9telek eset\u00e9n.<\/li>\n\n\n\n<li>Az elfeledtet\u00e9shez val\u00f3 jog<br>Ha az adatkezel\u0151 nyilv\u00e1noss\u00e1gra hozta a szem\u00e9lyes adatot, \u00e9s azt t\u00f6r\u00f6lni k\u00f6teles, az el\u00e9rhet\u0151 technol\u00f3gia \u00e9s a<br>megval\u00f3s\u00edt\u00e1s k\u00f6lts\u00e9geinek figyelembev\u00e9tel\u00e9vel megteszi az \u00e9sszer\u0171en elv\u00e1rhat\u00f3 l\u00e9p\u00e9seket \u2013 ide\u00e9rtve technikai<br>int\u00e9zked\u00e9seket \u2013 annak \u00e9rdek\u00e9ben, hogy t\u00e1j\u00e9koztassa az adatokat kezel\u0151 adatkezel\u0151ket, hogy az \u00e9rintett k\u00e9relmezte<br>t\u0151l\u00fck a sz\u00f3ban forg\u00f3 szem\u00e9lyes adatokra mutat\u00f3 linkek vagy e szem\u00e9lyes adatok m\u00e1solat\u00e1nak, illetve<br>m\u00e1sodp\u00e9ld\u00e1ny\u00e1nak t\u00f6rl\u00e9s\u00e9t.<\/li>\n\n\n\n<li>Az adatkezel\u00e9s korl\u00e1toz\u00e1s\u00e1hoz val\u00f3 jog<br>Az \u00e9rintett jogosult arra, hogy k\u00e9r\u00e9s\u00e9re az adatkezel\u0151 korl\u00e1tozza az adatkezel\u00e9st, ha az al\u00e1bbi felt\u00e9telek<br>valamelyike teljes\u00fcl:<\/li>\n<\/ol>\n\n\n\n<ul class=\"wp-block-list\">\n<li>az \u00e9rintett vitatja a szem\u00e9lyes adatok pontoss\u00e1g\u00e1t, ez esetben a korl\u00e1toz\u00e1s arra az id\u0151tartamra vonatkozik,<br>amely lehet\u0151v\u00e9 teszi, hogy az adatkezel\u0151 ellen\u0151rizze a szem\u00e9lyes adatok pontoss\u00e1g\u00e1t;<\/li>\n\n\n\n<li>az adatkezel\u00e9s jogellenes, \u00e9s az \u00e9rintett ellenzi az adatok t\u00f6rl\u00e9s\u00e9t, \u00e9s ehelyett k\u00e9ri azok felhaszn\u00e1l\u00e1s\u00e1nak<br>korl\u00e1toz\u00e1s\u00e1t;<\/li>\n\n\n\n<li>az adatkezel\u0151nek m\u00e1r nincs sz\u00fcks\u00e9ge a szem\u00e9lyes adatokra adatkezel\u00e9s c\u00e9lj\u00e1b\u00f3l, de az \u00e9rintett ig\u00e9nyli azokat<br>jogi ig\u00e9nyek el\u0151terjeszt\u00e9s\u00e9hez, \u00e9rv\u00e9nyes\u00edt\u00e9s\u00e9hez vagy v\u00e9delm\u00e9hez;<\/li>\n\n\n\n<li>az \u00e9rintett tiltakozott az adatkezel\u00e9s ellen; ez esetben a korl\u00e1toz\u00e1s arra az id\u0151tartamra vonatkozik, am\u00edg<br>meg\u00e1llap\u00edt\u00e1sra nem ker\u00fcl, hogy az adatkezel\u0151 jogos indokai els\u0151bbs\u00e9get \u00e9lveznek-e az \u00e9rintett jogos indokaival<br>szemben.<\/li>\n<\/ul>\n\n\n\n<ol class=\"wp-block-list\">\n<li>Az adathordozhat\u00f3s\u00e1ghoz val\u00f3 jog<br>Az \u00e9rintett jogosult arra, hogy a r\u00e1 vonatkoz\u00f3, \u00e1ltala egy adatkezel\u0151 rendelkez\u00e9s\u00e9re bocs\u00e1tott szem\u00e9lyes adatokat<br>tagolt, sz\u00e9les k\u00f6rben haszn\u00e1lt, g\u00e9ppel olvashat\u00f3 form\u00e1tumban megkapja, tov\u00e1bb\u00e1 jogosult arra, hogy ezeket az<br>adatokat egy m\u00e1sik adatkezel\u0151nek tov\u00e1bb\u00edtsa an\u00e9lk\u00fcl, hogy ezt akad\u00e1lyozn\u00e1 az az adatkezel\u0151, amelynek a<br>szem\u00e9lyes adatokat a rendelkez\u00e9s\u00e9re bocs\u00e1totta.<\/li>\n\n\n\n<li>A tiltakoz\u00e1shoz val\u00f3 jog<br>Az \u00e9rintett jogosult arra, hogy a saj\u00e1t helyzet\u00e9vel kapcsolatos okokb\u00f3l b\u00e1rmikor tiltakozzon szem\u00e9lyes adatainak a<br>kezel\u00e9se ellen, ha a szem\u00e9lyes adatok kezel\u00e9s\u00e9re az adatkezel\u0151 jogos \u00e9rdeke, vagy a k\u00f6zhatalmi jellege miatt ker\u00fcl<br>sor.<br>9.9. Jogorvoslati lehet\u0151s\u00e9g \u00e9s hat\u00e1lyos t\u00f6rv\u00e9nyek<br>Amennyiben a felhaszn\u00e1l\u00f3 \u00fagy \u00e9rzi, hogy GROUPAGRO-TRADE Kft. a szem\u00e9lyes adatokat nem az itt megjel\u00f6ltek<br>szerint vagy a hat\u00e1lyos t\u00f6rv\u00e9nynek megfelel\u0151en kezeli, jogait az adatv\u00e9delmi biztosn\u00e1l (Nemzeti Adatv\u00e9delmi \u00e9s<br>Inform\u00e1ci\u00f3szabads\u00e1g Hat\u00f3s\u00e1ghoz) vagy polg\u00e1ri b\u00edr\u00f3s\u00e1gon (Si\u00f3foki J\u00e1r\u00e1si B\u00edr\u00f3s\u00e1g \u00e9s Somogy Megyei T\u00f6rv\u00e9nysz\u00e9k)<br>\u00e9rv\u00e9nyes\u00edtheti, tov\u00e1bb\u00e1 a Nemzeti Adatv\u00e9delmi \u00e9s Inform\u00e1ci\u00f3szabads\u00e1g Hat\u00f3s\u00e1ghoz fordulhat.A adatv\u00e9delemmel kapcsolatos k\u00f6telezetts\u00e9gekr\u0151l az al\u00e1bbi t\u00f6rv\u00e9nyekben t\u00e1j\u00e9koz\u00f3dhat a felhaszn\u00e1l\u00f3:<br>A szem\u00e9lyes adatok v\u00e9delm\u00e9r\u0151l \u00e9s a k\u00f6z\u00e9rdek\u0171 adatok nyilv\u00e1noss\u00e1g\u00e1r\u00f3l sz\u00f3l\u00f3 1992. \u00e9vi LXIII. t\u00f6rv\u00e9ny<br>Az egy\u00e9nek v\u00e9delm\u00e9r\u0151l a szem\u00e9lyes adatok g\u00e9pi feldolgoz\u00e1sa sor\u00e1n sz\u00f3l\u00f3 1998. \u00e9vi VI. t\u00f6rv\u00e9ny<br>Az inform\u00e1ci\u00f3s \u00f6nrendelkez\u00e9si jogr\u00f3l \u00e9s az inform\u00e1ci\u00f3szabads\u00e1gr\u00f3l sz\u00f3l\u00f3 2011. \u00e9vi CXII. t\u00f6rv\u00e9ny<br>Az Eur\u00f3pai Parlament \u00e9s a Tan\u00e1cs (EU) 2016\/679 rendelete (GDPR rendelet)<\/li>\n<\/ol>\n","protected":false},"excerpt":{"rendered":"<p>Jelen Adatv\u00e9delmi T\u00e1j\u00e9koztat\u00f3 \u00f6sszefoglalja a weboldal kezel\u0151je \u00e1ltal folytatott adatkezel\u00e9si elveket \u00e9s annakgyakorlat\u00e1t. A l\u00e1togat\u00f3\/felhaszn\u00e1l\u00f3 az adatok elk\u00fcld\u00e9s\u00e9vel kijelenti, hogy azok a val\u00f3s\u00e1gnak megfelelnek.<\/p>\n","protected":false},"author":1,"featured_media":0,"parent":0,"menu_order":0,"comment_status":"closed","ping_status":"closed","template":"","meta":{"site-sidebar-layout":"default","site-content-layout":"default","ast-global-header-display":"","ast-banner-title-visibility":"","ast-main-header-display":"","ast-hfb-above-header-display":"","ast-hfb-below-header-display":"","ast-hfb-mobile-header-display":"","site-post-title":"","ast-breadcrumbs-content":"","ast-featured-img":"","footer-sml-layout":"","theme-transparent-header-meta":"","adv-header-id-meta":"","stick-header-meta":"","header-above-stick-meta":"","header-main-stick-meta":"","header-below-stick-meta":"","footnotes":""},"class_list":["post-3","page","type-page","status-publish","hentry"],"_links":{"self":[{"href":"https:\/\/groupagrotrade.hu\/index.php\/wp-json\/wp\/v2\/pages\/3","targetHints":{"allow":["GET"]}}],"collection":[{"href":"https:\/\/groupagrotrade.hu\/index.php\/wp-json\/wp\/v2\/pages"}],"about":[{"href":"https:\/\/groupagrotrade.hu\/index.php\/wp-json\/wp\/v2\/types\/page"}],"author":[{"embeddable":true,"href":"https:\/\/groupagrotrade.hu\/index.php\/wp-json\/wp\/v2\/users\/1"}],"replies":[{"embeddable":true,"href":"https:\/\/groupagrotrade.hu\/index.php\/wp-json\/wp\/v2\/comments?post=3"}],"version-history":[{"count":3,"href":"https:\/\/groupagrotrade.hu\/index.php\/wp-json\/wp\/v2\/pages\/3\/revisions"}],"predecessor-version":[{"id":1963,"href":"https:\/\/groupagrotrade.hu\/index.php\/wp-json\/wp\/v2\/pages\/3\/revisions\/1963"}],"wp:attachment":[{"href":"https:\/\/groupagrotrade.hu\/index.php\/wp-json\/wp\/v2\/media?parent=3"}],"curies":[{"name":"wp","href":"https:\/\/api.w.org\/{rel}","templated":true}]}}